e ((-2)/(-3))/(6/27). Suppose f*v - c = -v. What are the prime factors of v?
7
Let f be (-5 - 4)*(4 - 5). Suppose 566 = 5*s - 2*l, -f = l + 2*l. List the prime factors of s.
2, 7
Let q = -596 + 2710. What are the prime factors of q?
2, 7, 151
Let n(k) = -3*k**3 - 93*k**2 + 85*k - 25. List the prime factors of n(-32).
3, 109
Suppose -3630330 = -109*d - 193*d + 104*d. List the prime factors of d.
5, 19, 193
Suppose -w + x - 382 = -4*w, w - 118 = -5*x. Let t = -7258 + w. List the prime factors of t/(-60) + (-2)/(-12).
7, 17
Suppose -14*k - 3*k = -5*k. Let p be 15/(-1*2/(-12)). Suppose x + x - p = k. List the prime factors of x.
3, 5
Suppose -16*z = -12*z. Suppose z*w - 2*w + 6 = 0. Suppose 0 = w*s + s - 256. List the prime factors of s.
2
Let v = 502 - 241. Suppose -5*m + 20 = 0, 4*p = -0*p - 5*m + 32. Suppose 3*l + w + 2*w = v, 258 = p*l + 4*w. What are the prime factors of l?
2, 3, 5
Let a = -106399 + 180544. What are the prime factors of a?
3, 5, 4943
Suppose -6*v - 123*v + 1522716 = 0. List the prime factors of v.
2, 13, 227
Let v(a) = a**3 + a**2 - 2*a + 6. Let p be v(0). Suppose -p*g = -5*g - 348. Suppose 8*l - 4*l = g. List the prime factors of l.
3, 29
Let t(j) = 2633*j**3 + 8*j**2 - 24*j + 17. List the prime factors of t(3).
2, 29, 613
Suppose -65*q + 103253 = -1979932. List the prime factors of q.
3, 1187
Let y = 978 + -512. Suppose 1144 = 5*o + 3*f, 0*o + 2*o + 4*f = y. List the prime factors of o.
227
Suppose -10 = 5*c - 10*c. Let a(i) = 2 + 0*i**c + 4*i**2 - i**2. What are the prime factors of a(2)?
2, 7
Suppose -18*i + 17*i + 5 = 0. Suppose i*s = 348 + 157. What are the prime factors of s?
101
Suppose 4*u + 5*h + 14 = -6, -3*u + 5*h = 50. Let f(r) = -r + 1. Let d(v) = 11*v + 1. Let q(a) = -d(a) - 2*f(a). List the prime factors of q(u).
3, 29
Let z(w) = 175*w - 69. Let r be z(2). Let b = r - -395. What are the prime factors of b?
2, 13
Suppose 4*w + 4 = -16. Let n be (4/1 - -28)/(-2). List the prime factors of n*(w - (-27)/(-6)).
2, 19
What are the prime factors of 825209/231*27/21?
3, 1531
Let r be (-4)/16 + -3*(-1)/12. Suppose 4*z + 5*a - 12 = r, -z - 2*a - 4 = a. Suppose 720 = z*b + b. List the prime factors of b.
2, 5
Let t(g) = g**2 + 3 - 5 - 2 + g + 1. Let n be t(2). Suppose 2*j = -3*d + 221, -n*j - 306 = -4*d - 0*j. List the prime factors of d.
3, 5
Suppose 725*f - 2229080 = 655*f. What are the prime factors of f?
2, 19, 419
Let g = 254834 - 172608. List the prime factors of g.
2, 41113
Let b(h) = 4*h - 31. Let u be b(9). Let v be 2*-2 + (-7)/35*-35. Suppose q - 6*q + 460 = u*y, 2*q + v*y = 179. List the prime factors of q.
97
Let a(h) = -147*h - 147. Let l be a(-9). Let m = 1678 - l. What are the prime factors of m?
2, 251
Let n(w) be the second derivative of w**4/4 + w**3/3 - w**2/2 - 11*w. Let h be n(-8). Suppose -3*u + h = -11. What are the prime factors of u?
2, 31
Let y(l) = 29057*l**2 + 7*l + 6. What are the prime factors of y(-1)?
2, 227
Let n(s) = 17*s**2 + 11*s + 3. Let h(z) = z**2 + 2*z - 1. Let w(f) = -3*h(f) + n(f). Let d be w(-4). Let p = 513 - d. List the prime factors of p.
3, 101
Suppose 0 = -47*p + 87*p + 35*p - 3109500. What are the prime factors of p?
2, 3, 5, 691
List the prime factors of (-1565)/((-114)/(-30) + -4) - -2.
3, 2609
Let t(k) = 5*k - 4*k + 28 - 61 + 31 + 6*k**2. Suppose 4*s = 3*s - 4. What are the prime factors of t(s)?
2, 3, 5
List the prime factors of ((-4)/(4 + 103592/(-25892)))/((-50)/(-300)).
2, 6473
Suppose -14*s - 7184 = -19826. Suppose 0 = -2*l + 443 + s. What are the prime factors of l?
673
Suppose 30716 + 50375 = 17*j - 22881. List the prime factors of j.
2, 11, 139
Let w = 2366 - 982. Suppose -3*c + w = -2582. List the prime factors of c.
2, 661
Suppose 25*n = 312125 + 482150. What are the prime factors of n?
31771
Suppose 38*t - 32*t = 222. Suppose 7*h - t - 131 = 0. Let n = -1 + h. List the prime factors of n.
23
Let o(v) = -2*v**2 - 4. Let f be o(-3). Let l = f - -37. Suppose d - 59 = l. List the prime factors of d.
2, 37
Let g(k) = 2*k**3 + 3*k**2 + k. Let t be (2/9)/(-1) + (-16)/9. Let b be g(t). What are the prime factors of (b/3)/(1/(-22))?
2, 11
Suppose 9*x - 10*x + 2 = 0, -4*x = 5*g + 2. List the prime factors of (771/18*g)/((-8)/48).
2, 257
Let f = 28 + -28. Suppose 410 = 5*v - f*v. What are the prime factors of v?
2, 41
Let w(p) = -p**3 - 3*p**2 + 9*p + 8. Let n be w(-4). Let u be ((-3)/(-6) + 3)*(2 - n). Let z = u + -38. What are the prime factors of z?
11
Let x = 1 - -1. Suppose -x*v = 2*k + 26, -4*v + 32 = -2*k - 3*v. What are the prime factors of 3/(2/((-860)/k))?
2, 43
Suppose -4*c - m + 76963 = -37971, 143668 = 5*c + m. List the prime factors of c.
2, 3, 4789
Let k be (40/32)/((-2)/(-200)). Suppose -4*n - k = -u - 19, 4*n + 342 = 3*u. List the prime factors of u.
2, 59
Let q = 69 + -71. Let w be (5 + -4 - 3) + q. List the prime factors of w + (-363)/(-3) - -1.
2, 59
Suppose 28*l = 31*l - 36. Let x(j) = -1. Let n(s) = -s**2 + 2*s - 10. Let a(v) = -n(v) + 3*x(v). List the prime factors of a(l).
127
Let h(q) = -35*q**3 - 2*q - 2. Let g be h(-1). Suppose -2*a + g = -37. Suppose l - 2*f = -l + a, 0 = f - 1. List the prime factors of l.
19
Let d(x) = 558*x**2 - 266*x + 7. What are the prime factors of d(3)?
4231
Suppose 4*l = 8175 + 15745. List the prime factors of l.
2, 5, 13, 23
Let f(u) = 106*u - 235. Let v(r) = 105*r - 237. Let s(b) = 7*f(b) - 6*v(b). What are the prime factors of s(11)?
1009
Let n(l) = -2*l**3 - 3*l**2 + 7*l + 10. Let o be n(-3). Suppose 2452 = o*i - 4844. List the prime factors of i.
2, 3, 19
Let j(k) = 481*k + 45. Let y be j(-2). Let d = y + 1331. What are the prime factors of d?
2, 3, 23
What are the prime factors of (-7)/((-245)/(-50)) + 3577029/329?
7, 1553
Suppose z - 110 = -325. Suppose 1183 = -3*j + 4*c - 2*c, 4*j - 3*c = -1578. Let b = z - j. What are the prime factors of b?
2, 89
List the prime factors of -2*6/((0 + -2)/((-28172)/(-8))).
3, 7043
Let k = 229 - -552. Suppose -c + 50 = y - 105, 5*c - y - k = 0. What are the prime factors of c?
2, 3, 13
Suppose -53*q + 57*q - 5*x - 29440 = 0, 4*x + 7360 = q. What are the prime factors of q?
2, 5, 23
Suppose 4*o - 35 = -3. Suppose 4 = o*f - 4. List the prime factors of 2*51/2*f/3.
17
Suppose -6*c - 152750 = -2*p, -3*c + 7*c = -5*p + 381780. What are the prime factors of p?
2, 5, 23, 83
What are the prime factors of 123/(-2)*258/(-9)?
41, 43
Suppose -2*o - 2*c = -20052, 0 = -o - 24*c + 27*c + 10010. What are the prime factors of o?
2, 5011
Let u = 46 + -36. Suppose u*f - 45 = f. What are the prime factors of 3/1*(f - 30/9)?
5
Let m(u) = -u**3 + 35*u**2 + 27*u - 306. List the prime factors of m(29).
3, 7, 263
Suppose -p - 568 = 3*f, -3*p - 2*f = -2*p + 572. Let c = 1427 + p. Suppose -4*n + 161 + c = 0. List the prime factors of n.
2, 3, 7
Suppose -4*d - r + 441 = -28212, 2*d - 14299 = 5*r. List the prime factors of d.
2, 3581
Suppose 15*m - 5992 - 2018 = 0. Let a = m + -324. List the prime factors of a.
2, 3, 5, 7
Let b be (-5 - (-30741)/3) + -8. Suppose 0 = 26*j - 3364 - b. List the prime factors of j.
523
Let g be 1*(-2 - (-3 - -1)). Suppose -2*m + 5*b = -1040, -m - b = 2*b - 520. Suppose 9*h - 17*h + m = g. List the prime factors of h.
5, 13
Let a(i) = -i**2 + 3*i + 289. Let q be a(-35). Let v = q + 2518. List the prime factors of v.
7, 211
Let f = -532 + 523. Let v(i) = 11*i**2 + 5*i + 41. What are the prime factors of v(f)?
887
Let t(o) = -326*o**2 + 6*o + 11. Suppose 11 = -5*g - 14, -2*g - 4 = -y. Let k be t(y). What are the prime factors of k/(-57) + (-4)/(-6)?
3, 23
Let q(b) = -b**2 - 2*b + 48. Suppose 2*x + 3*o + 3 = 37, 0 = -4*o + 8. Suppose 12*i = x*i. List the prime factors of q(i).
2, 3
Suppose 27*h - 333514 = 358172. What are the prime factors of h?
2, 12809
Let s(a) be the third derivative of -a**6/120 - 11*a**5/60 - a**4/24 - 2*a**3/3 + 69*a**2. What are the prime factors of s(-12)?
2, 19
Suppose -4*z = -3*m - 50225, 6*m - 25117 = -2*z + 9*m. What are the prime factors of z?
2, 6277
Let o = -42212 - -61118. List the prime factors of o.
2, 3, 23, 137
Suppose 0 = 223*o - 4271754 + 962211. What are the prime factors of o?
3, 17, 97
What are the prime factors of (-188955)/195*(-73)/3?
17, 19, 73
Let m(f) = 14*f**2 + 11*f + 42. List the prime factors of m(-16).
2, 3, 5, 23
Let r be